10
What is -604 (base 8) in base 5?
-3023
What is 853 (base 11) in base 15?
486
Convert -180a (base 11) to base 7.
-6506
-100101000010000 (base 2) to base 13
-8826
Convert 23241 (base 6) to base 13.
1699
29659 (base 11) to base 13
161a9
What is -1033053 (base 6) in base 5?
-3114400
What is -20468 (base 10) in base 11?
-14418
4015 (base 8) to base 5
31221
70638 (base 9) to base 7
252263
What is -105 (base 11) in base 9?
-150
14619 (base 10) to base 14
5483
668 (base 14) to base 15
598
Convert -20113101 (base 4) to base 5.
-2044012
What is -4032 (base 11) in base 6?
-40451
-d6f (base 16) to base 13
-1747
What is 2c6 (base 16) in base 4?
23012
-22212111 (base 3) to base 2
-1100101000010
What is -71a (base 13) in base 5?
-14311
-15514 (base 7) to base 6
-32124
What is -4113 (base 8) in base 16?
-84b
What is 345 (base 7) in base 9?
220
7a81 (base 14) to base 9
32165
Convert -45a4 (base 11) to base 3.
-22021211
Convert 10120000 (base 3) to base 6.
20000
Convert 136625 (base 7) to base 6.
322045
What is 45235 (base 7) in base 4?
2302303
-1232 (base 4) to base 14
-7c
-386 (base 10) to base 15
-1ab
10670 (base 8) to base 9
6200
What is 10020021 (base 3) in base 4?
210310
What is -357 (base 10) in base 11?
-2a5
What is -450b (base 13) in base 2?
-10010110101100
What is -44211 (base 6) in base 4?
-1133233
Convert -4246 (base 8) to base 7.
-6312
474 (base 10) to base 5
3344
What is 4165 (base 7) in base 3?
2000101
Convert -120122 (base 4) to base 15.
-6e2
Convert 224352 (base 6) to base 8.
45314
What is -1c (base 14) in base 2?
-11010
25b (base 14) to base 10
473
2200210222 (base 3) to base 12
26875
Convert -63463 (base 7) to base 4.
-3310330
Convert 96b (base 12) to base 5.
21004
-b7a (base 15) to base 16
-a1e
Convert 599 (base 14) to base 5.
13430
Convert 212100 (base 3) to base 4.
21312
-1212200 (base 3) to base 15
-613
-1b51 (base 13) to base 16
-101a
Convert 5908 (base 12) to base 2.
10011011011000
What is 120c (base 16) in base 10?
4620
-10020101102 (base 3) to base 15
-13d1e
213404 (base 6) to base 16
44ec
Convert 10022 (base 8) to base 13.
1b46
-11012120 (base 3) to base 2
-101111111010
5214 (base 6) to base 10
1162
Convert -2687 (base 15) to base 13.
-398b
Convert 568 (base 11) to base 13.
403
1102102 (base 3) to base 11
863
Convert 20264 (base 10) to base 13.
92ba
-1323312 (base 4) to base 10
-7926
-1602 (base 7) to base 2
-1001111111
1856 (base 9) to base 13
85b
What is -21b2 (base 16) in base 6?
-103534
Convert -426a (base 11) to base 4.
-1120022
Convert 113303 (base 4) to base 9.
2072
What is -1569 (base 12) in base 11?
-199a
185 (base 10) to base 9
225
What is 70 (base 14) in base 12?
82
-31232 (base 5) to base 11
-160a
11535 (base 6) to base 15
795
Convert 7609 (base 10) to base 5.
220414
Convert 8b45 (base 15) to base 16.
7364
Convert 202033 (base 5) to base 12.
3932
-168c (base 14) to base 8
-7714
Convert -220010 (base 3) to base 11.
-542
Convert 1001100010100001 (base 2) to base 8.
114241
What is 14673 (base 8) in base 9?
10028
What is 20202 (base 3) in base 13?
110
What is -2220211110 (base 3) in base 7?
-326355
What is -34616 (base 8) in base 3?
-202012201
10230023 (base 4) to base 8
45413
-12231201 (base 4) to base 6
-331133
What is 440233 (base 5) in base 8?
35334
14 (base 13) to base 6
25
What is -1b27 (base 13) in base 4?
-333321
What is -64a (base 13) in base 16?
-434
-1422 (base 9) to base 4
-100301
What is 31c3 (base 13) in base 16?
1b07
-101022011 (base 3) to base 14
-2a46
Convert 1127 (base 12) to base 11.
1480
What is -10654 (base 9) in base 6?
-52504
-3a6 (base 12) to base 6
-2330
What is -39a5 (base 12) in base 4?
-1213031
What is -40642 (base 9) in base 4?
-12202100
What is -3212 (base 6) in base 3?
-222222
-100011010110 (base 2) to base 8
-4326
Convert -12110 (base 3) to base 11.
-124
2013 (base 4) to base 10
135
What is -5b7 (base 15) in base 9?
-1701
Convert 637 (base 16) to base 15.
711
Convert 120110120 (base 3) to base 11.
851a
32032 (base 6) to base 11
3296
Convert -11000000111 (base 2) to base 8.
-3007
Convert 1441 (base 13) to base 16.
b6e
Convert c4 (base 13) to base 16.
a0
What is 102124 (base 5) in base 14?
135c
What is -3266 (base 8) in base 16?
-6b6
-20012 (base 5) to base 13
-759
Convert 65 (base 13) to base 12.
6b
-2281 (base 9) to base 6
-11501
What is -10100010 (base 2) in base 13?
-c6
What is -301103 (base 4) in base 6?
-22335
What is 241421 (base 6) in base 13?
97ba
Convert 6c6 (base 16) to base 7.
5025
Convert f4 (base 16) to base 14.
136
Convert -1630 (base 10) to base 13.
-985
Convert 174 (base 9) to base 7.
301
What is -512a (base 11) in base 7?
-25564
Convert 1131242 (base 5) to base 11.
1470a
What is -225231 (base 6) in base 12?
-b217
2040 (base 6) to base 11
385
-244 (base 16) to base 10
-580
Convert -666b (base 13) to base 10.
-14285
What is -2122220 (base 3) in base 13?
-b64
-350015 (base 7) to base 11
-42a02
Convert 120204 (base 5) to base 7.
15625
-43120 (base 6) to base 3
-22001210
25036 (base 7) to base 9
8871
297 (base 15) to base 6
2424
Convert 37a7 (base 11) to base 8.
11535
Convert 1dbf (base 16) to base 9.
11401
What is 627 (base 12) in base 7?
2416
Convert 128a (base 11) to base 7.
4605
What is -1467 (base 9) in base 5?
-13424
What is -1121 (base 3) in base 5?
-133
Convert -2cc7 (base 14) to base 9.
-11885
What is 135c (base 14) in base 5?
102124
What is -485 (base 13) in base 12?
-555
Convert 2465 (base 8) to base 12.
931
Convert 205 (base 9) to base 15.
b2
Convert 5005 (base 7) to base 6.
11544
-4357 (base 12) to base 6
-54151
Convert 3c5 (base 15) to base 8.
1534
Convert -2201 (base 3) to base 7.
-133
What is -7b (base 14) in base 8?
-155
Convert -233411 (base 6) to base 10.
-20239
What is 2301201 (base 4) in base 13?
522c
What is -32531 (base 8) in base 9?
-20654
Convert -1002321 (base 4) to base 3.
-12212120
Convert 3e74 (base 16) to base 8.
37164
aa (base 15) to base 4
2200
Convert 1b1 (base 15) to base 8.
607
What is -10021001 (base 3) in base 9?
-3231
What is -53023 (base 6) in base 9?
-10716
2d59 (base 16) to base 4
2311121
-23483 (base 9) to base 6
-200420
Convert -12121020 (base 4) to base 15.
-7b59
What is -102 (base 7) in base 15?
-36
4050 (base 8) to base 16
828
-101000111101001 (base 2) to base 9
-31678
Convert 2a9 (base 14) to base 8.
1035
843 (base 13) to base 8
2577
Convert -12da (base 14) to base 2.
-110100000000
What is -498 (base 11) in base 16?
-24f
What is 44e0 (base 16) in base 15?
5357
What is -322 (base 11) in base 8?
-603
Convert -1145 (base 7) to base 11.
-357
What is 110011111100 (base 2) in base 12?
1b10
5b5c (base 14) to base 4
3321112
Convert -110001111000100 (base 2) to base 4.
-12033010
-1049 (base 11) to base 3
-1220021
What is 222022 (base 3) in base 6?
3142
Convert -1404 (base 5) to base 11.
-199
Convert -464b (base 12) to base 6.
-100135
What is 3ec (base 15) in base 8?
1601
What is -2532 (base 6) in base 7?
-1562
What is -64336 (base 7) in base 9?
-23784
What is -105254 (base 7) in base 6?
-222215
547 (base 9) to base 10
448
What is 7749 (base 14) in base 10?
20645
Convert -51b4 (base 14) to base 13.
-6538
Convert 2813 (base 9) to base 15.
963
What is 612 (base 7) in base 5?
2203
What is -223446 (base 7) in base 6?
-503403
Convert 1100000001101 (base 2) to base 3.
22110001
What is -408 (base 11) in base 9?
-606
Convert -12221220 (base 3) to base 13.
-1c92
What is 23032 (base 6) in base 8?
6274
What is -d55 (base 16) in base 12?
-1b85
Convert 1013 (base 11) to base 14.
6c1
Convert -2205 (base 6) to base 11.
-423
What is -3a77 (base 13) in base 10?
-8379
Convert -860b (base 12) to base 6.
-152015
What is 115214 (base 7) in base 2?
101001000101000
What is -1810 (base 10) in base 9?
-2431
-34702 (base 8) to base 12
-8682
10010100000 (base 2) to base 7
3311
Convert -507 (base 9) to base 7.
-1126
Convert -23126 (base 8) to base 14.
-3810
Convert -112002 (base 3) to base 8.
-574
What is 564 (base 8) in base 10?
372
What is -133d (base 16) in base 9?
-6672
Convert 2 (base 4) to base 10.
2
Convert 21340 (base 7) to base 9.
7261
What is -4222310 (base 5) in base 8?
-211272
-14135 (base 8) to base 14
-23b7
Convert 5b5a (base 13) to base 8.
31167
What is 29 (base 13) in base 2?
100011
Convert -93b (base 14) to base 7.
-5204
35565 (base 7) to base 10
921